 -23. What is the tens digit of f?
2
Let p(z) = 101*z - 16. Let n be p(6). Suppose 2 = -0*r + 2*r, 4*v - n = 2*r. What is the tens digit of v?
4
Let s be (-5)/3 - (-20)/12. Let p(g) = g**3 + 2*g**2 + g + 130. What is the hundreds digit of p(s)?
1
Suppose 3*z + 2*z = -370. Let l = 172 + z. What is the units digit of l?
8
Let z = -56 - -58. Suppose 0 = z*l + l - 5*q - 383, 0 = 3*l + 5*q - 403. What is the hundreds digit of l?
1
Suppose 0 = 57*t + 14328 - 272310. What is the units digit of t?
6
Let k = 265 + 195. Suppose 5*g - k = -0*g. What is the units digit of g?
2
Let k be ((-1)/2)/((-1)/(-1676)). What is the units digit of (-54)/15 + 4 + k/(-5)?
8
Let f(i) = 46*i + 5. Let r be f(-3). Let z = -21 - r. What is the hundreds digit of z?
1
What is the hundreds digit of -1 - (-753 - -1)/2?
3
Let w = -236 + 108. Let o = -68 - w. What is the tens digit of o?
6
Let d(q) = 69*q**2 - q - 1. Let f be d(-1). Suppose 2*h - f = -h. What is the units digit of h?
3
Let r(c) = 6*c**3 - 3*c + 2. Let g be r(1). Suppose -290 = -g*h - 2*s, 2*s - 34 - 140 = -3*h. What is the units digit of h?
8
Let h(l) = l**2 + 4*l - 1. Let f be h(-5). Suppose f*j - 314 = 6. What is the units digit of j?
0
Let p = 87 - 103. Let o(h) = -h**2 - 29*h - 18. What is the units digit of o(p)?
0
Let l be -2*28/8*-1. Suppose l*i - 2*i = 20. Suppose -i*s = -t + 13, 2*t - 3*s + 1 = 37. What is the tens digit of t?
2
Let j(c) = 2*c**3 + 51*c**2 + 16*c - 24. What is the hundreds digit of j(-25)?
2
Let f(u) = 8*u**3 - 2*u**2 - 2*u + 7. What is the hundreds digit of f(3)?
1
Suppose -4 = 4*i, -90 = -2*r + 2*i - 28. Suppose 6*k + r = k. What is the tens digit of k/(-1*(-8)/(-44))?
3
Let z be (-40)/5 + 1*-2. Let l(h) = h**3 + 9*h**2 - 10*h + 5. Let g be l(z). Suppose -f = -2*u + 27, 0 = 2*f - f - g. What is the tens digit of u?
1
Let j(a) = -a**3 - 6*a**2 + 7*a + 8. Let t be j(-7). Suppose -6*b + t*b - 44 = 0. Suppose 0*c = -2*c + b. What is the units digit of c?
1
Let b be (21/(-14))/(2/(-28)) - 4. Let c = 60 - b. What is the units digit of c?
3
Suppose 0*a + 36 = 2*a. Suppose 4*y + 4*w - 2*w - 38 = 0, 2*y = -2*w + a. What is the units digit of y?
0
Let n = 311 + -154. Let s = 265 - n. What is the hundreds digit of s?
1
Let t(r) = r**2 + 2*r - 13. Let m be t(-6). Suppose -9*h + m*h = 166. What is the tens digit of h?
8
Suppose 5*k - 663 = 4*s + 788, -2*k = 4*s - 558. What is the units digit of k?
7
Suppose -10*x + 9*x + 1 = 0. What is the hundreds digit of 167 - ((-8)/10)/(x/(-5))?
1
Let d(l) = -2*l - 12. Let b be d(-6). Suppose 0 = -b*k - 4*k + 16. What is the units digit of k*-1 + (16 - -6)?
8
Suppose -38*n + 38913 = -22191. What is the hundreds digit of n?
6
Let q be (-2)/(4/14*(-7)/(-35)). What is the tens digit of ((q/10)/7)/(2/(-624))?
5
Let x(b) be the first derivative of -2*b**2 - 15*b - 2. What is the units digit of x(-8)?
7
Let z(j) = 5*j - 8. Let d be z(2). Suppose 2*b = g - 224, d*g + 237 = -2*b + 715. What is the units digit of g?
4
Let a = 173 + -178. Let s(l) = 9*l**2 + 23*l + 4. What is the units digit of s(a)?
4
Let a(t) = 3*t**2 + 13*t + 4. Let k(i) = -3*i**2 - 14*i - 4. Let u(y) = -7*a(y) - 6*k(y). Let c be u(-5). What is the units digit of (-4)/((24/c)/3)?
2
Let a(p) = p**3 - 5*p**2 + 5*p + 4. Let j be a(3). Let g(s) = 4*s**2 + 3*s - 2. What is the units digit of g(j)?
5
Let k = 7859 - 3823. What is the hundreds digit of k?
0
Let p = -841 + 476. What is the units digit of p/2*(-28)/35?
6
Let v = -22 + 42. Let f be ((-15)/v)/(9/(-12)). What is the tens digit of 20 + -3 + (4 - f)?
2
What is the units digit of (4/8*-4)/(18/(-14913))?
7
Suppose c - 2 = 3*f + 5*c, 3*f - 16 = 5*c. Suppose -6 = -f*d + 2*r - 5*r, 15 = 5*d + 2*r. What is the units digit of d?
3
Suppose -i - 82 = g, -i - 2*i - 402 = 5*g. Let x be -1 - (-110 + (1 - 1)). Let z = x + g. What is the units digit of z?
1
Let x be -362 + (80/4)/(-5). Let v = -213 - x. What is the hundreds digit of v?
1
Suppose 0 = -2*g + 10*g - 208. Let a = 30 - g. Suppose 176 - 40 = a*x. What is the units digit of x?
4
What is the units digit of 21 + -25 - (-5 - 1388)?
9
What is the tens digit of 1687/4*4/14*14?
8
Let j = 960 + -485. Suppose -t = -2*f + j, 2*t - t = -2*f + 465. Let p = f + -165. What is the units digit of p?
0
Suppose -4*v + 243 = -t, -3*t = -v - 4*t + 67. Let k = v + -20. What is the tens digit of k?
4
Let j be (3/4)/((-3)/36). Let x = 9 + j. Suppose -4*g + 68 = -x*g. What is the units digit of g?
7
Let r(y) be the first derivative of -3*y**2/2 - 4*y + 7. Let v be r(3). What is the units digit of (-5)/(-2)*(-130)/v?
5
Let p = 1562 + -722. What is the hundreds digit of p?
8
Let v = -2577 - -3991. What is the thousands digit of v?
1
Let r(y) = -2*y + 45. Let b be r(17). Suppose -5*n + n = 0. Let u = n + b. What is the tens digit of u?
1
Let z = 116 + -37. What is the tens digit of z?
7
Let w be (1/3)/(3/54). What is the tens digit of (-4)/w*258/(-2)?
8
Suppose r - 2510 = 5*m, -m = 3 - 8. What is the tens digit of r?
3
Suppose 2*i + 4*k - 4366 = 0, -3485 - 7454 = -5*i + 2*k. What is the thousands digit of i?
2
Suppose -4*l + 4889 = 5*f, l - 973 = -f - l. What is the hundreds digit of f?
9
Let b(k) = k**2 + 3*k - 13. Let d be b(-6). Let q be d - 4 - 18*4. Let v = -33 - q. What is the units digit of v?
8
Let l be -3*(-2 + 5 + -2). Suppose q = 5*q - 3*f + 42, -2*q - 14 = 2*f. What is the units digit of 2/l - 249/q?
7
Let y(c) = -446*c**3 + 4*c + 4. What is the tens digit of y(-1)?
4
Suppose -2*r - 2*z + 74 = -0*r, 5*r - z - 161 = 0. Let j = r + -11. What is the tens digit of j?
2
What is the thousands digit of (4 + 18)*(-3276)/(-24)?
3
Suppose 0 = j - 5*j, -5*r + 2*j = 0. Suppose 2*f + 16 = -4*v, 4*f + r*f = -2*v - 2. What is the units digit of f?
2
Let v = 265 + -142. What is the hundreds digit of v?
1
Suppose -5*r - 18 = -2*x, x + 2*r + r = -2. What is the units digit of (-1 + x - 2)*51?
1
Suppose -3*q = 4*g - 232, -g + 10*q - 7*q + 58 = 0. What is the units digit of g?
8
Let z be ((-7)/4)/(7/(-56)). Suppose z*j = 9*j + 395. What is the tens digit of j?
7
Suppose 0 = -3*i - 2*z + 377, 0*z = -4*z - 8. What is the tens digit of i?
2
Suppose -2*d - 114 = -3*w, -3*w + 8 = -4*d - 220. Let b = -39 - d. What is the tens digit of b?
1
Suppose 0 = -6*n + 5 + 7. Suppose 3*u + z - 38 = n*u, -2*z = 5*u - 181. What is the units digit of u?
5
Let o(s) = s**2 - 9*s + 1. Let d be o(8). Let a(q) = -q**3 - 7*q**2 - 2*q - 8. Let m be a(d). Suppose -5*r = -m*r + 18. What is the tens digit of r?
1
Suppose -4*j - h = -16 - 21, -h = -j + 13. What is the units digit of (4/j)/(((-1)/15)/(-1))?
6
Let i(f) = 3*f**2 - 2*f + 2. Let v(s) = -s**2 + s - 1. Let m(h) = i(h) + 2*v(h). Let d = -14 - -7. What is the tens digit of m(d)?
4
Suppose 9*y - 1769 = 2542. Let i = y + -274. What is the units digit of i?
5
Let k(w) = -2*w**2 - 13*w - 6. Let u(x) = 4*x**2 + 25*x + 12. Let m(h) = 7*k(h) + 4*u(h). Let n be m(-4). Let y(j) = 9*j. What is the tens digit of y(n)?
1
Let w(c) = c**3 - 2*c**2 + 3*c - 2. Let l be w(1). What is the tens digit of -3 - l/5 - -41?
3
Let v = 0 + 2. What is the units digit of -2*v - (-7 + 2)?
1
Let u = -1 - -10. Suppose 5*v = 2*v + u. What is the units digit of v?
3
Let j = -446 - -838. What is the hundreds digit of j?
3
Let l(s) = -s**2 - 27*s + 12. Let p be l(-21). Let n = p + -72. What is the tens digit of n?
6
Suppose 2*m - 3*m = 0. Suppose 4*k + 2*x + 76 = -m, 4*k = -x - 80. What is the tens digit of 9 - 11 - k/1?
1
Suppose -5*s - x + 472 = 0, 2*x = -2*s - 0*x + 192. What is the units digit of s?
4
Let j(y) = 6*y - 3 + 5*y - 5*y + 1. Let w be j(1). Suppose 3*q - l - 152 = 0, w*q - 2*l + l - 202 = 0. What is the tens digit of q?
5
Suppose 5*y - 3*v - 21 - 15 = 0, -4*v + 16 = 4*y. Let j(b) be the first derivative of -b**4/4 + 5*b**3/3 + 5*b**2 - 9*b + 37. What is the tens digit of j(y)?
1
Let c(s) = -s**2 + 8*s + 37. Let r be c(11). Suppose -12*k + r + 884 = 0. What is the units digit of k?
4
Let f be 4/(-12)*2 - 258/(-9). Suppose f - 135 = -r. What is the tens digit of r?
0
Let c be -1 + (-5)/(3/(-3)). Suppose 3*f + 2*d = 0, -c*f = -d + 6*d. What is the units digit of (-24)/(-4) + (1 - f)?
7
Let q(v) = 4*v**2 + 31*v + 15. What is the tens digit of q(-16)?
4
Suppose -q = -0*q + 2*f + 4, -q - 7 = 3*f. Let g be 183/q - (-3)/6. What is